?
1
What is the thousands digit of 21280?
1
What is the tens digit of 6659?
5
What is the hundreds digit of 445?
4
What is the tens digit of 1561?
6
What is the thousands digit of 93612?
3
What is the hundreds digit of 13796?
7
What is the hundreds digit of 1049?
0
What is the ten thousands digit of 15678?
1
What is the hundreds digit of 380?
3
What is the thousands digit of 67964?
7
What is the thousands digit of 97728?
7
What is the hundreds digit of 3756?
7
What is the hundreds digit of 6809?
8
What is the thousands digit of 18959?
8
What is the units digit of 5200?
0
What is the tens digit of 1214?
1
What is the tens digit of 2836?
3
What is the ten thousands digit of 75839?
7
What is the units digit of 4504?
4
What is the units digit of 326?
6
What is the ten thousands digit of 69795?
6
What is the hundreds digit of 292?
2
What is the thousands digit of 98371?
8
What is the hundreds digit of 32209?
2
What is the tens digit of 407?
0
What is the hundreds digit of 880?
8
What is the thousands digit of 15649?
5
What is the hundreds digit of 7738?
7
What is the hundreds digit of 81364?
3
What is the units digit of 59757?
7
What is the tens digit of 818?
1
What is the hundreds digit of 12769?
7
What is the units digit of 67774?
4
What is the hundreds digit of 37446?
4
What is the tens digit of 6256?
5
What is the hundreds digit of 49702?
7
What is the hundreds digit of 17209?
2
What is the hundreds digit of 54862?
8
What is the hundreds digit of 4374?
3
What is the units digit of 3151?
1
What is the ten thousands digit of 36181?
3
What is the thousands digit of 3140?
3
What is the units digit of 23385?
5
What is the hundreds digit of 2853?
8
What is the units digit of 3008?
8
What is the units digit of 270?
0
What is the hundreds digit of 14530?
5
What is the units digit of 49083?
3
What is the units digit of 9878?
8
What is the tens digit of 9608?
0
What is the ten thousands digit of 44907?
4
What is the hundreds digit of 1801?
8
What is the thousands digit of 4553?
4
What is the units digit of 36102?
2
What is the ten thousands digit of 16087?
1
What is the units digit of 8484?
4
What is the hundreds digit of 14252?
2
What is the tens digit of 657?
5
What is the tens digit of 1947?
4
What is the hundreds digit of 550?
5
What is the units digit of 6961?
1
What is the units digit of 7193?
3
What is the units digit of 36?
6
What is the tens digit of 883?
8
What is the thousands digit of 7184?
7
What is the hundreds digit of 7837?
8
What is the tens digit of 17?
1
What is the hundreds digit of 2809?
8
What is the units digit of 1731?
1
What is the ten thousands digit of 24086?
2
What is the hundreds digit of 270?
2
What is the tens digit of 5214?
1
What is the thousands digit of 3402?
3
What is the hundreds digit of 4153?
1
What is the tens digit of 46765?
6
What is the hundred thousands digit of 169002?
1
What is the hundreds digit of 7890?
8
What is the hundreds digit of 109423?
4
What is the ten thousands digit of 12914?
1
What is the tens digit of 754?
5
What is the units digit of 9063?
3
What is the units digit of 49013?
3
What is the thousands digit of 2065?
2
What is the hundreds digit of 615?
6
What is the hundreds digit of 217?
2
What is the units digit of 21052?
2
What is the hundreds digit of 3836?
8
What is the ten thousands digit of 12702?
1
What is the hundreds digit of 2686?
6
What is the hundreds digit of 2246?
2
What is the units digit of 1717?
7
What is the tens digit of 20590?
9
What is the tens digit of 55857?
5
What is the thousands digit of 73424?
3
What is the units digit of 773?
3
What is the thousands digit of 5888?
5
What is the thousands digit of 1981?
1
What is the units digit of 4004?
4
What is the thousands digit of 22827?
2
What is the thousands digit of 15103?
5
What is the ten thousands digit of 35022?
3
What is the thousands digit of 36411?
6
What is the hundreds digit of 62898?
8
What is the hundreds digit of 2915?
9
What is the tens digit of 46083?
8
What is the units digit of 1805?
5
What is the units digit of 72499?
9
What is the tens digit of 2317?
1
What is the tens digit of 631?
3
What is the tens digit of 3240?
4
What is the units digit of 747?
7
What is the tens digit of 2873?
7
What is the thousands digit of 33526?
3
What is the hundreds digit of 14077?
0
What is the thousands digit of 5577?
5
What is the units digit of 3952?
2
What is the units digit of 292?
2
What is the units digit of 639?
9
What is the units digit of 2620?
0
What is the hundreds digit of 257?
2
What is the units digit of 40464?
4
What is the tens digit of 512?
1
What is the units digit of 48?
8
What is the thousands digit of 6045?
6
What is the hundreds digit of 2538?
5
What is the hundreds digit of 8662?
6
What is the hundreds digit of 17956?
9
What is the hundreds digit of 7641?
6
What is the thousands digit of 55209?
5
What is the thousands digit of 18665?
8
What is the hundreds digit of 7088?
0
What is the thousands digit of 1277?
1
What is the hundreds digit of 1567?
5
What is the tens digit of 1211?
1
What is the tens digit of 885?
8
What is the units digit of 6814?
4
What is the thousands digit of 39744?
9
What is the hundreds digit of 121034?
0
What is the ten thousands digit of 13586?
1
What is the hundreds digit of 2056?
0
What is the hundreds digit of 20095?
0
What is the hundreds digit of 2870?
8
What is the units digit of 9111?
1
What is the tens digit of 194?
9
What is the units digit of 7419?
9
What is the thousands digit of 12151?
2
What is the thousands digit of 13988?
3
What is the units digit of 343?
3
What is the units digit of 1665?
5
What is the hundreds digit of 150?
1
What is the units digit of 686?
6
What is the thousands digit of 2644?
2
What is the units digit of 20130?
0
What is the tens digit of 3547?
4
What is the hundreds digit of 4539?
5
What is the units digit of 15739?
9
What is the thousands digit of 10907?
0
What is the units digit of 143?
3
What is the units digit of 78?
8
What is the tens digit of 8563?
6
What is the tens digit of 42570?
7
What is the thousands digit of 4293?
4
What is the tens digit of 2237?
3
What is the units digit of 254?
4
What is the tens digit of 987?
8
What is the tens digit of 87327?
2
What is the hundreds digit of 393?
3
What is the hundreds digit of 2596?
5
What is the thousands digit of 3557?
3
What is the tens digit of 29030?
3
What is the hundreds digit of 1749?
7
What is the units digit of 851?
1
What is the thousands digit of 2110?
2
What is the ten thousands digit of 132789?
3
What is the ten thousands digit of 12201?
1
What is the thousands digit of 1164?
1
What is the units digit of 201?
1
What is the hundreds digit of 41125?
1
What is the tens digit of 4219?
1
What is the thousands digit of 7134?
7
What is the tens digit of 233?
3
What is the units digit of 5034?
4
What is the units digit of 2551?
1
What is the thousands digit of 1839?
1
What is the units digit of 29764?
4
What is the hundreds digit of 68957?
9
What is the thousands digit of 7129?
7
What is the units digit of 870?
0
What is the tens digit of 9488?
8
What is the thousands digit of 1217?
1
What is the hundreds digit of 53398?
3
What is the hundreds digit of 13561?
5
What is the thousands digit of 3603?
3
What is the tens digit of 539?
3
What is the hundreds digit of 1381?
3
What is the tens digit of 15?
1
What is the tens digit of 94286?
8
What is the tens digit of 3577?
7
What is the tens digit of 82807?
0
What is the thousands digit of 1267?
1
What is the units digit of 50774?
4
What is the tens digit of 11927?
2
What is the tens digit of 19855?
5
What is the hundreds digit of 22141?
1
What is the hundreds digit of 5310?
3
What is the hundreds digit of 1010?
0
What is the tens digit of 4600?
0
What is the hundreds digit of 1023?
0
What is the hundred thousands digit of 149723?
1
What is the units digit of 246?
6
What is the thousands digit of 8208?
8
What is the thousands digit of 29362?
9
What is the hundreds digit of 62923?
9
What is the tens digit of 7004?
0
What is the units digit of 1411?
1
What is the hundreds digit of 5619?
6
What is the thousands digit of 17398?
7
What is the thousands digit of 11198?
1
What is the tens digit of 172?
7
What is the tens digit of 394?
9
What is th